{"id":288,"date":"2022-11-14T15:21:12","date_gmt":"2022-11-14T15:21:12","guid":{"rendered":"https:\/\/bluehendes-bad-camberg.de\/?page_id=288"},"modified":"2022-11-14T15:21:13","modified_gmt":"2022-11-14T15:21:13","slug":"insektensterben","status":"publish","type":"page","link":"https:\/\/bluehendes-bad-camberg.de\/?page_id=288","title":{"rendered":"Insektensterben"},"content":{"rendered":"\n<p><strong>In den letzten 15 Jahren wurde ein massiver R\u00fcckgang an best\u00e4ubenden Insekten in Deutschland festgestellt. Einer aktuellen Studie zufolge gehen die Best\u00e4nde an Wildbienen rasant zur\u00fcck. \u201eIn manchen Gegenden um bis zu 75 % in einem Zeitraum von zehn Jahren\u201c, erkl\u00e4rt der Tier\u00f6kologe Prof. Dr. Johannes Steidle von der Universit\u00e4t Hohenheim, \u201eDas ist Alarmstufe Rot.\u201c<\/strong><\/p>\n","protected":false},"excerpt":{"rendered":"<p>In den letzten 15 Jahren wurde ein massiver R\u00fcckgang an best\u00e4ubenden Insekten in Deutschland festgestellt. Einer aktuellen Studie zufolge gehen die Best\u00e4nde an Wildbienen rasant zur\u00fcck. \u201eIn manchen Gegenden um&hellip; <a class=\"more-link\" href=\"https:\/\/bluehendes-bad-camberg.de\/?page_id=288\"><span class=\"screen-reader-text\">Insektensterben<\/span> weiterlesen<\/a><\/p>\n","protected":false},"author":1,"featured_media":0,"parent":0,"menu_order":0,"comment_status":"closed","ping_status":"closed","template":"","meta":[],"_links":{"self":[{"href":"https:\/\/bluehendes-bad-camberg.de\/index.php?rest_route=\/wp\/v2\/pages\/288"}],"collection":[{"href":"https:\/\/bluehendes-bad-camberg.de\/index.php?rest_route=\/wp\/v2\/pages"}],"about":[{"href":"https:\/\/bluehendes-bad-camberg.de\/index.php?rest_route=\/wp\/v2\/types\/page"}],"author":[{"embeddable":true,"href":"https:\/\/bluehendes-bad-camberg.de\/index.php?rest_route=\/wp\/v2\/users\/1"}],"replies":[{"embeddable":true,"href":"https:\/\/bluehendes-bad-camberg.de\/index.php?rest_route=%2Fwp%2Fv2%2Fcomments&post=288"}],"version-history":[{"count":1,"href":"https:\/\/bluehendes-bad-camberg.de\/index.php?rest_route=\/wp\/v2\/pages\/288\/revisions"}],"predecessor-version":[{"id":289,"href":"https:\/\/bluehendes-bad-camberg.de\/index.php?rest_route=\/wp\/v2\/pages\/288\/revisions\/289"}],"wp:attachment":[{"href":"https:\/\/bluehendes-bad-camberg.de\/index.php?rest_route=%2Fwp%2Fv2%2Fmedia&parent=288"}],"curies":[{"name":"wp","href":"https:\/\/api.w.org\/{rel}","templated":true}]}}