{"id":299,"date":"2022-11-14T15:29:11","date_gmt":"2022-11-14T15:29:11","guid":{"rendered":"https:\/\/bluehendes-bad-camberg.de\/?page_id=299"},"modified":"2022-11-14T15:29:12","modified_gmt":"2022-11-14T15:29:12","slug":"lage-der-bestaeubenden-insekten","status":"publish","type":"page","link":"https:\/\/bluehendes-bad-camberg.de\/?page_id=299","title":{"rendered":"Lage der best\u00e4ubenden Insekten"},"content":{"rendered":"<ul class=\"wp-block-latest-posts__list wp-block-latest-posts\"><li><a class=\"wp-block-latest-posts__post-title\" href=\"https:\/\/bluehendes-bad-camberg.de\/?p=297\">Tatorte des Insektensterbens<\/a><div class=\"wp-block-latest-posts__post-excerpt\">Die Journalistin Anke Sparmann hat das Insektensterben in Deutschland recherchiert und einen ersch\u00fctternden Artikel in der Zeitschrift Geo\/M\u00e4rz 2017 ab Seite 54 ver\u00f6ffentlicht. Hier eine kurze Zusammenfassung der einzelnen Tatorte des Insektensterbens in Deutschland: Krefeld Die Mitglieder des Vereins Krefelder Entomologen erfassen seit 100 Jahren die heimische Insektenwelt. Etwa 50 Standorte haben die Insektenkundler beprobt,&hellip; <a class=\"more-link\" href=\"https:\/\/bluehendes-bad-camberg.de\/?p=297\"><span class=\"screen-reader-text\">Tatorte des Insektensterbens<\/span> weiterlesen<\/a><\/div><\/li>\n<li><a class=\"wp-block-latest-posts__post-title\" href=\"https:\/\/bluehendes-bad-camberg.de\/?p=295\">Insektensterben<\/a><div class=\"wp-block-latest-posts__post-excerpt\">In den letzten 15 Jahren wurde ein massiver R\u00fcckgang an best\u00e4ubenden Insekten in Deutschland festgestellt. Einer aktuellen Studie zufolge gehen die Best\u00e4nde an Wildbienen rasant zur\u00fcck. \u201eIn manchen Gegenden um bis zu 75 % in einem Zeitraum von zehn Jahren\u201c, erkl\u00e4rt der Tier\u00f6kologe Prof. Dr. Johannes Steidle von der Universit\u00e4t Hohenheim, \u201eDas ist Alarmstufe Rot.\u201c&hellip; <a class=\"more-link\" href=\"https:\/\/bluehendes-bad-camberg.de\/?p=295\"><span class=\"screen-reader-text\">Insektensterben<\/span> weiterlesen<\/a><\/div><\/li>\n<li><a class=\"wp-block-latest-posts__post-title\" href=\"https:\/\/bluehendes-bad-camberg.de\/?p=293\">Lage der best\u00e4ubenden Insekten<\/a><div class=\"wp-block-latest-posts__post-excerpt\">Die Lage der best\u00e4ubenden Insekten in Deutschland wird immer dramatischer und die Ursachen sind vielf\u00e4ltig. Prof. Josef Settele vom Helmholtz-Zentrum f\u00fcr Umweltforschung (UFZ) in Halle beschreibt bei der Vorstellung des ersten Berichts des Weltbiodiversit\u00e4tsrates (IPBES) in Kuala Lumpur s\u00e4mtliche Konfliktthemen f\u00fcr best\u00e4ubende Insekten: &#8220;Landnutzungs\u00e4nderungen, intensive Landwirtschaft, Pestizideinsatz, gentechnisch ver\u00e4nderte Organismen, invasive Arten, Krankheiten wie Virenbefall&hellip; <a class=\"more-link\" href=\"https:\/\/bluehendes-bad-camberg.de\/?p=293\"><span class=\"screen-reader-text\">Lage der best\u00e4ubenden Insekten<\/span> weiterlesen<\/a><\/div><\/li>\n<li><a class=\"wp-block-latest-posts__post-title\" href=\"https:\/\/bluehendes-bad-camberg.de\/?p=291\">Ein Imker aus Bad Camberg berichtet:<\/a><div class=\"wp-block-latest-posts__post-excerpt\">Die Lage der Insekten hier vor Ort, eine Beschreibung des ehemaligen Vorsitzenden unseres Imkervereins Rolf Siepermann: &#8220;Das Thema Blumen, Bl\u00fchfl\u00e4chen, Geh\u00f6lze etc. ist bei uns nat\u00fcrlich im Imkerverein permanent pr\u00e4sent, weil unsere Landschaft durch die intensive Landwirtschaft und auch durch Beseitigung von Obst- und anderen B\u00e4umen\u00a0f\u00fcr V\u00f6gel und Insekten aller Art sehr \u201earm\u201c geworden ist.&hellip; <a class=\"more-link\" href=\"https:\/\/bluehendes-bad-camberg.de\/?p=291\"><span class=\"screen-reader-text\">Ein Imker aus Bad Camberg berichtet:<\/span> weiterlesen<\/a><\/div><\/li>\n<\/ul>","protected":false},"excerpt":{"rendered":"","protected":false},"author":1,"featured_media":0,"parent":0,"menu_order":0,"comment_status":"closed","ping_status":"closed","template":"","meta":[],"_links":{"self":[{"href":"https:\/\/bluehendes-bad-camberg.de\/index.php?rest_route=\/wp\/v2\/pages\/299"}],"collection":[{"href":"https:\/\/bluehendes-bad-camberg.de\/index.php?rest_route=\/wp\/v2\/pages"}],"about":[{"href":"https:\/\/bluehendes-bad-camberg.de\/index.php?rest_route=\/wp\/v2\/types\/page"}],"author":[{"embeddable":true,"href":"https:\/\/bluehendes-bad-camberg.de\/index.php?rest_route=\/wp\/v2\/users\/1"}],"replies":[{"embeddable":true,"href":"https:\/\/bluehendes-bad-camberg.de\/index.php?rest_route=%2Fwp%2Fv2%2Fcomments&post=299"}],"version-history":[{"count":1,"href":"https:\/\/bluehendes-bad-camberg.de\/index.php?rest_route=\/wp\/v2\/pages\/299\/revisions"}],"predecessor-version":[{"id":300,"href":"https:\/\/bluehendes-bad-camberg.de\/index.php?rest_route=\/wp\/v2\/pages\/299\/revisions\/300"}],"wp:attachment":[{"href":"https:\/\/bluehendes-bad-camberg.de\/index.php?rest_route=%2Fwp%2Fv2%2Fmedia&parent=299"}],"curies":[{"name":"wp","href":"https:\/\/api.w.org\/{rel}","templated":true}]}}