{"id":351,"date":"2022-11-24T16:22:22","date_gmt":"2022-11-24T16:22:22","guid":{"rendered":"https:\/\/bluehendes-bad-camberg.de\/?page_id=351"},"modified":"2022-11-24T16:22:23","modified_gmt":"2022-11-24T16:22:23","slug":"pestizide","status":"publish","type":"page","link":"https:\/\/bluehendes-bad-camberg.de\/?page_id=351","title":{"rendered":"Pestizide"},"content":{"rendered":"<ul class=\"wp-block-latest-posts__list wp-block-latest-posts\"><li><a class=\"wp-block-latest-posts__post-title\" href=\"https:\/\/bluehendes-bad-camberg.de\/?p=345\">Einsatz von Pestiziden<\/a><div class=\"wp-block-latest-posts__post-excerpt\">Der R\u00fcckgang von Best\u00e4uberinsekten ist unter anderem auf den Einsatz von Pestiziden zur\u00fcckzuf\u00fchren, die in der Landwirtschaft eingesetzt werden, um bei Kulturpflanzen Krankheiten und Sch\u00e4dlingsbefall vorzubeugen. Dazu z\u00e4hlen unter anderem Insektizide, Herbizide und Fungizide. F\u00fcr einige Pestizide wurde die sch\u00e4digende Wirkung auf Nichtzielorganismen wie Best\u00e4uberinsekten bereits wissenschaftlich nachgewiesen. Seit Mitte der 1990er-Jahre werden Pestizide aus&hellip; <a class=\"more-link\" href=\"https:\/\/bluehendes-bad-camberg.de\/?p=345\"><span class=\"screen-reader-text\">Einsatz von Pestiziden<\/span> weiterlesen<\/a><\/div><\/li>\n<li><a class=\"wp-block-latest-posts__post-title\" href=\"https:\/\/bluehendes-bad-camberg.de\/?p=343\">Glyphosat &#8211; Roundup &#8211; Monsanto<\/a><div class=\"wp-block-latest-posts__post-excerpt\">Glyphosat ist eines der schlimmsten und gef\u00e4hrlichsten Herbizide, das derzeit im Umlauf ist. Ein unglaublicher \u00d6kozid findet derzeit weltweit statt, B\u00f6den werden verunreinigt, Menschen gesch\u00e4digt, Tiere verseucht und ganze \u00d6kosysteme auf Dauer zerst\u00f6rt. Leider sind Regierungen weltweit nicht mehr in der Lage, die mittlerweile dramatische Situation zu verbessern. Wir als Zivilgesellschaft sind daher gefordert einzuschreiten&hellip; <a class=\"more-link\" href=\"https:\/\/bluehendes-bad-camberg.de\/?p=343\"><span class=\"screen-reader-text\">Glyphosat &#8211; Roundup &#8211; Monsanto<\/span> weiterlesen<\/a><\/div><\/li>\n<\/ul>","protected":false},"excerpt":{"rendered":"","protected":false},"author":1,"featured_media":0,"parent":0,"menu_order":0,"comment_status":"closed","ping_status":"closed","template":"","meta":[],"_links":{"self":[{"href":"https:\/\/bluehendes-bad-camberg.de\/index.php?rest_route=\/wp\/v2\/pages\/351"}],"collection":[{"href":"https:\/\/bluehendes-bad-camberg.de\/index.php?rest_route=\/wp\/v2\/pages"}],"about":[{"href":"https:\/\/bluehendes-bad-camberg.de\/index.php?rest_route=\/wp\/v2\/types\/page"}],"author":[{"embeddable":true,"href":"https:\/\/bluehendes-bad-camberg.de\/index.php?rest_route=\/wp\/v2\/users\/1"}],"replies":[{"embeddable":true,"href":"https:\/\/bluehendes-bad-camberg.de\/index.php?rest_route=%2Fwp%2Fv2%2Fcomments&post=351"}],"version-history":[{"count":1,"href":"https:\/\/bluehendes-bad-camberg.de\/index.php?rest_route=\/wp\/v2\/pages\/351\/revisions"}],"predecessor-version":[{"id":352,"href":"https:\/\/bluehendes-bad-camberg.de\/index.php?rest_route=\/wp\/v2\/pages\/351\/revisions\/352"}],"wp:attachment":[{"href":"https:\/\/bluehendes-bad-camberg.de\/index.php?rest_route=%2Fwp%2Fv2%2Fmedia&parent=351"}],"curies":[{"name":"wp","href":"https:\/\/api.w.org\/{rel}","templated":true}]}}