{"id":353,"date":"2022-11-24T16:22:54","date_gmt":"2022-11-24T16:22:54","guid":{"rendered":"https:\/\/bluehendes-bad-camberg.de\/?page_id=353"},"modified":"2022-11-24T16:22:55","modified_gmt":"2022-11-24T16:22:55","slug":"habitatsverlust","status":"publish","type":"page","link":"https:\/\/bluehendes-bad-camberg.de\/?page_id=353","title":{"rendered":"Habitatsverlust"},"content":{"rendered":"<ul class=\"wp-block-latest-posts__list wp-block-latest-posts\"><li><a class=\"wp-block-latest-posts__post-title\" href=\"https:\/\/bluehendes-bad-camberg.de\/?p=349\">Mangelndes Nahrungsangebot<\/a><div class=\"wp-block-latest-posts__post-excerpt\">Auch in Bad Camberg fehlt es zunehmend an Nahrung f\u00fcr unsere heimischen Insekten. Immer ausgedehntere landwirtschaftlich genutzte Fl\u00e4chen mit einigen wenigen Monokulturen pr\u00e4gen unser Landschaftsbild. Wenn der Raps bl\u00fcht, kommt es zu einer gigantischen Massentracht, oftmals sind die Bienen gar nicht mehr in der Lage die zeitgleich bl\u00fchenden Obstb\u00e4ume zu best\u00e4uben. Nach drei Wochen, Anfang&hellip; <a class=\"more-link\" href=\"https:\/\/bluehendes-bad-camberg.de\/?p=349\"><span class=\"screen-reader-text\">Mangelndes Nahrungsangebot<\/span> weiterlesen<\/a><\/div><\/li>\n<li><a class=\"wp-block-latest-posts__post-title\" href=\"https:\/\/bluehendes-bad-camberg.de\/?p=347\">Fehlende Nistm\u00f6glichkeiten<\/a><div class=\"wp-block-latest-posts__post-excerpt\">Der Verlust an Nistm\u00f6glichkeiten f\u00fcr best\u00e4ubende Insekten in der Landschaft ist immens. Besenreine G\u00e4rten und Parkanlagen, fehlende Hecken und Totholzbereiche. Jede Fl\u00e4che wird genutzt, ob f\u00fcr Wohnungs- und Stra\u00dfenbau oder f\u00fcr die Landwirtschaft. Die Politik hat bereits reagiert und die Landwirte m\u00fcssen 5 % ihrer Fl\u00e4che zumindest biologisch bearbeiten, wenn gleich eine l\u00e4ngerfristige Stilllegung bei&hellip; <a class=\"more-link\" href=\"https:\/\/bluehendes-bad-camberg.de\/?p=347\"><span class=\"screen-reader-text\">Fehlende Nistm\u00f6glichkeiten<\/span> weiterlesen<\/a><\/div><\/li>\n<\/ul>","protected":false},"excerpt":{"rendered":"","protected":false},"author":1,"featured_media":0,"parent":0,"menu_order":0,"comment_status":"closed","ping_status":"closed","template":"","meta":[],"_links":{"self":[{"href":"https:\/\/bluehendes-bad-camberg.de\/index.php?rest_route=\/wp\/v2\/pages\/353"}],"collection":[{"href":"https:\/\/bluehendes-bad-camberg.de\/index.php?rest_route=\/wp\/v2\/pages"}],"about":[{"href":"https:\/\/bluehendes-bad-camberg.de\/index.php?rest_route=\/wp\/v2\/types\/page"}],"author":[{"embeddable":true,"href":"https:\/\/bluehendes-bad-camberg.de\/index.php?rest_route=\/wp\/v2\/users\/1"}],"replies":[{"embeddable":true,"href":"https:\/\/bluehendes-bad-camberg.de\/index.php?rest_route=%2Fwp%2Fv2%2Fcomments&post=353"}],"version-history":[{"count":1,"href":"https:\/\/bluehendes-bad-camberg.de\/index.php?rest_route=\/wp\/v2\/pages\/353\/revisions"}],"predecessor-version":[{"id":354,"href":"https:\/\/bluehendes-bad-camberg.de\/index.php?rest_route=\/wp\/v2\/pages\/353\/revisions\/354"}],"wp:attachment":[{"href":"https:\/\/bluehendes-bad-camberg.de\/index.php?rest_route=%2Fwp%2Fv2%2Fmedia&parent=353"}],"curies":[{"name":"wp","href":"https:\/\/api.w.org\/{rel}","templated":true}]}}