{"id":367,"date":"2022-11-24T16:28:15","date_gmt":"2022-11-24T16:28:15","guid":{"rendered":"https:\/\/bluehendes-bad-camberg.de\/?page_id=367"},"modified":"2022-11-24T16:28:15","modified_gmt":"2022-11-24T16:28:15","slug":"umwelteinfluesse","status":"publish","type":"page","link":"https:\/\/bluehendes-bad-camberg.de\/?page_id=367","title":{"rendered":"Umwelteinfl\u00fcsse"},"content":{"rendered":"<ul class=\"wp-block-latest-posts__list wp-block-latest-posts\"><li><a class=\"wp-block-latest-posts__post-title\" href=\"https:\/\/bluehendes-bad-camberg.de\/?p=365\">Klimawandel<\/a><div class=\"wp-block-latest-posts__post-excerpt\">Auch der Klimawandel hat Auswirkung auf unsere Insekten in Bad Camberg. Heimische Arten werden zur\u00fcckgedr\u00e4ngt, neue dr\u00e4ngen nach. Durch unsere g\u00fcnstige Lage in der Mitte Europas ist davon auszugehen, dass die Arten, denen es bei uns wegen des Klimawandels zu warm wird, nach Norden oder Osten (Kontinentalklima) abwandern werden. Arten aus dem S\u00fcden, denen es&hellip; <a class=\"more-link\" href=\"https:\/\/bluehendes-bad-camberg.de\/?p=365\"><span class=\"screen-reader-text\">Klimawandel<\/span> weiterlesen<\/a><\/div><\/li>\n<li><a class=\"wp-block-latest-posts__post-title\" href=\"https:\/\/bluehendes-bad-camberg.de\/?p=363\">Invasive Arten \/ Bienensch\u00e4dlinge<\/a><div class=\"wp-block-latest-posts__post-excerpt\">Gebirge oder Ozeane setzen der Ausbreitung einer Art nat\u00fcrliche Grenzen, die in Zeiten der Globalisierung durch unbeabsichtigte Verschleppung mit Schiffen oder Flugzeugen umgangen werden [1]. Den eingeschleppten Arten gelingt es meistens nicht, sich dauerhaft anzusiedeln, allerdings beg\u00fcnstigt der Klimawandel die Ausbreitung w\u00e4rmeliebender Arten aus den Tropen und Subtropen [2]. Gebietsfremde Arten, die sich dauerhaft ansiedeln,&hellip; <a class=\"more-link\" href=\"https:\/\/bluehendes-bad-camberg.de\/?p=363\"><span class=\"screen-reader-text\">Invasive Arten \/ Bienensch\u00e4dlinge<\/span> weiterlesen<\/a><\/div><\/li>\n<li><a class=\"wp-block-latest-posts__post-title\" href=\"https:\/\/bluehendes-bad-camberg.de\/?p=361\">Varroa, der Lebenszyklus<\/a><div class=\"wp-block-latest-posts__post-excerpt\">Die&nbsp;1,6 mm gro\u00dfe Varroamilbe klammert sich an das Haar der Honigbiene und l\u00e4sst sich von der befallenen Biene umhertragen, ja sie fliegt sogar huckepack mit durch die Luft. Wenn ein Bienenvolk zusammenbricht, schw\u00e4rmen die letzten \u00fcberlebenden Bienen aus und betteln sich in andere Bienenv\u00f6lker ein, so kann ein durch Varroabefall sterbendes Volk alle anderen Bienenv\u00f6lker&hellip; <a class=\"more-link\" href=\"https:\/\/bluehendes-bad-camberg.de\/?p=361\"><span class=\"screen-reader-text\">Varroa, der Lebenszyklus<\/span> weiterlesen<\/a><\/div><\/li>\n<li><a class=\"wp-block-latest-posts__post-title\" href=\"https:\/\/bluehendes-bad-camberg.de\/?p=359\">Die Varroamilbe<\/a><div class=\"wp-block-latest-posts__post-excerpt\">Die Varroamilbe ist ein 1 bis 1,6 mm gro\u00dfer Parasit der Honigbienen. Die Varroaweibchen klettern in die Brutzellen der Honigbienenlarven kurz bevor diese verschlossen werden und legen ihre Eier ab. Die wehrlosen Larven werden angebissen, das Blut wird abgesaugt und die Bienen kommen geschw\u00e4cht auf die Welt. Die Milben \u00fcbertragen auch Krankheiten und Viren, so&hellip; <a class=\"more-link\" href=\"https:\/\/bluehendes-bad-camberg.de\/?p=359\"><span class=\"screen-reader-text\">Die Varroamilbe<\/span> weiterlesen<\/a><\/div><\/li>\n<li><a class=\"wp-block-latest-posts__post-title\" href=\"https:\/\/bluehendes-bad-camberg.de\/?p=357\">Varroa Steckbrief<\/a><div class=\"wp-block-latest-posts__post-excerpt\"><\/div><\/li>\n<\/ul>","protected":false},"excerpt":{"rendered":"","protected":false},"author":1,"featured_media":0,"parent":0,"menu_order":0,"comment_status":"closed","ping_status":"closed","template":"","meta":[],"_links":{"self":[{"href":"https:\/\/bluehendes-bad-camberg.de\/index.php?rest_route=\/wp\/v2\/pages\/367"}],"collection":[{"href":"https:\/\/bluehendes-bad-camberg.de\/index.php?rest_route=\/wp\/v2\/pages"}],"about":[{"href":"https:\/\/bluehendes-bad-camberg.de\/index.php?rest_route=\/wp\/v2\/types\/page"}],"author":[{"embeddable":true,"href":"https:\/\/bluehendes-bad-camberg.de\/index.php?rest_route=\/wp\/v2\/users\/1"}],"replies":[{"embeddable":true,"href":"https:\/\/bluehendes-bad-camberg.de\/index.php?rest_route=%2Fwp%2Fv2%2Fcomments&post=367"}],"version-history":[{"count":1,"href":"https:\/\/bluehendes-bad-camberg.de\/index.php?rest_route=\/wp\/v2\/pages\/367\/revisions"}],"predecessor-version":[{"id":368,"href":"https:\/\/bluehendes-bad-camberg.de\/index.php?rest_route=\/wp\/v2\/pages\/367\/revisions\/368"}],"wp:attachment":[{"href":"https:\/\/bluehendes-bad-camberg.de\/index.php?rest_route=%2Fwp%2Fv2%2Fmedia&parent=367"}],"curies":[{"name":"wp","href":"https:\/\/api.w.org\/{rel}","templated":true}]}}